et z be (69 + -69)/((-1)/(-1)). Let v(r) = r - 5*r - 4 - r**2 + 5*r. What is v(z)?
-4
Let f(o) = -3*o - 63. Let j be f(-20). Let w be j/(-3) - ((-4)/1 - -8). Let q(r) = 2*r**3 + 5*r**2 + 2*r - 2. Calculate q(w).
-17
Let s(a) = 10*a + 32. Suppose 224*f - 20 = 19 - 39. Give s(f).
32
Let w(t) = t**3 + 2*t**2 + 2*t. Let z(l) = 7*l**3 - 9*l**2 - 7*l + 3. Let o(g) = 3*w(g) + z(g). Give o(1).
9
Let k(j) = -j**2 - j - 6. Suppose -5*w + 7 = r, -5*w - 4*r + 7 = -6*w. Suppose 6*f + w = 25. Suppose a = f*a. Determine k(a).
-6
Let t(d) = -2*d - 8. Let g be t(-8). Let p(w) = -w + 8. Let o be p(g). Suppose -2*m - 16 + 30 = o. Let s(c) = -c**2 + 7*c - 7. Calculate s(m).
-7
Let i(k) be the third derivative of k**5/30 + 5*k**4/24 - 989*k**2. Let t(o) = o**3 - 6*o**2 + 5*o - 3. Let w be t(5). Calculate i(w).
3
Let f = 894 - 895. Let c(s) = 14*s**2 - 2. Determine c(f).
12
Let r(g) be the first derivative of g**3/3 - 9*g**2/2 + 11*g + 2. Let j(c) = -13*c**2 - 153*c - 132. Let a be j(-1). Calculate r(a).
3
Let z be (1*(-752)/(-28))/(2/7). Suppose -2*h = 2*i + 24, 2*i + 3*h + z = 65. Let t(c) = -2*c - 9. Give t(i).
5
Let o(r) be the first derivative of 14*r + 1/4*r**4 - 13/2*r**2 - 10/3*r**3 + 176. Determine o(11).
-8
Let i(x) = -x**3 + 11*x**2 + x - 2. Let f(q) = q**3 + 8*q - 17. Let w be f(3). Suppose -10 = 2*n, 60 = 5*u - 35*n + w*n. What is i(u)?
9
Let q(o) = -2*o - 9. Let g(w) = w**3 + 12*w**2 + 37*w + 12. Let i be g(-8). What is q(i)?
47
Let p(i) = -5*i**3 - 10*i**2 - 22. Let b(n) = 16*n**3 + 33*n**2 + 67. Let g(f) = -6*b(f) - 19*p(f). What is g(-8)?
16
Let j(o) = o**3 + 4*o**2 - 5*o - 2. Let h(g) = -13*g + 4. Let r be h(4). Let q be 1278/r - 9/24. Let z = q + 22. What is j(z)?
-2
Suppose -4*b + 18 = 2. Suppose -b*c = -3*o - c + 42, -5*o = c - 82. Let r(f) = o - 5*f - 4 - 13. What is r(-2)?
9
Suppose -2*a + 7 = -3. Let l be 1 + 9/(-21) - (-220)/154. Let u(w) = -7 - 3*w**3 + 121*w**l + 4*w**3 + 3*w - 126*w**2. Determine u(a).
8
Let x be (-6)/15 - (2 + (-124)/10). Let j(m) = 3*m - 4*m - 16 + x. Let q(u) = u**3 + 13*u**2 + u + 8. Let s be q(-13). Give j(s).
-1
Let h = 262 + -257. Let t(z) = 7*z**2 - 3*z - 2. Let d be (-4)/18 - 50/18. Let n(k) = 13*k**2 - 6*k - 3. Let b(g) = d*n(g) + h*t(g). Calculate b(2).
-11
Suppose 4*t + 25 = 57. Let m(a) = a**2 - 6*a. Suppose -21*x = -19*x + 8. Let y(w) = -w**2 + 7*w - 1. Let p(c) = x*y(c) - 3*m(c). Give p(t).
-12
Let p(v) be the first derivative of -4*v**3/3 + 9*v**2/2 + v - 57. Let f(x) = -7*x**2 + 17*x + 2. Let u = 5 - -1. Let g(q) = u*f(q) - 11*p(q). Calculate g(-3).
10
Let q = 53 + -51. Let c(v) = 791*v**3 - v - 4*v**q - 5 - 790*v**3 + 3*v. Determine c(4).
3
Let q(n) be the third derivative of -n**5/60 + n**3/3 + 8*n**2. Let d be (-3 + -15 + 21)*(0 - 1). What is q(d)?
-7
Let c be (0 - 70/(-6)) + (-12)/18. Let f(t) = t**2 - 4 + 13*t - c*t + 5. Determine f(-4).
9
Let i(y) = -y**3 + 38*y**2 - 75*y + 99. Suppose 72*t - 4320 = -48*t. Determine i(t).
-9
Let x = -62 + 58. Let s(c) = 2*c + 12. Let g be s(x). Let i(z) = -5*z - 2. Let d(k) = -k. Let u(t) = -6*d(t) + i(t). Calculate u(g).
2
Let f(s) be the first derivative of 3/2*s**2 + 39 + 4*s. What is f(-3)?
-5
Let l(m) be the third derivative of 3*m**4/8 + m**3/3 - 73*m**2. Let v(h) = 18*h + 3. Let r(c) = -7*l(c) + 4*v(c). Calculate r(2).
16
Let r(y) = -y**2 - 18*y - 2. Suppose 0 = -5*v + 2*v + 4*i + 130, 4*i - 206 = -5*v. Suppose 3*a - 9*x = -6*x - v, -3*x + 60 = -4*a. Give r(a).
-2
Let o(g) = g**3 + 3*g**2 - g + 5. Let y(c) = c**2 - c + 1. Let q(m) = -o(m) - y(m). Let j(n) = -30*n + 2545. Let v be j(85). Calculate q(v).
9
Suppose -7*f = -2*f. Suppose -24*j + 22*j = -442. Let q(d) = j*d - d**3 - 221*d + 5. Give q(f).
5
Let d(n) = -n**3 + 9*n**2 - 5*n - 20. Suppose 4*j - 2*y - 36 = 0, 82*y - 77*y + 42 = 4*j. What is d(j)?
4
Let w = 18201 + -18191. Let a(d) = -d**3 + 9*d**2 + 16*d - 54. Give a(w).
6
Suppose -5*q + 13 = -2*z, 8*q - 3*z - 17 = 3*q. Let r(u) = 14232 - 14232 + 4*u**2 - u**2. Give r(q).
3
Let y(z) = -670*z**2 - 26*z - 672*z**2 + 2016*z**2 - 672*z**2 + 8 + 3. Calculate y(12).
-13
Let d be 2 + 0 + 6 + 0 + (-13)/1. Let a(r) = -r**3 - 4*r**2 + 9*r + 4. What is a(d)?
-16
Let f(d) = -3*d**2 - 7*d + 50. Let k(h) = h**2 + 2*h - 17. Let q(z) = 3*f(z) + 8*k(z). Let r be (3132/29)/(-12) - -3. Calculate q(r).
8
Let p(q) = -q - 1. Let y(u) = 2. Let i(h) = -4*p(h) - 4*y(h). Suppose -6*r - 3*r + 128 - 101 = 0. Calculate i(r).
8
Suppose -3*f - 2070 = 20*f. Let w = 86 + f. Let i(k) = -4*k - 19. Determine i(w).
-3
Suppose -10*h + 948 = 4*u - 8*h, -20 = 5*h. Let s = u - 239. Let d(m) = -m**3 - m**2 + m - 21. What is d(s)?
-21
Let v(u) be the second derivative of -u**4/12 - 9*u**2/2 + 2913*u. Let o be (0 + 0)/(-2 + 0). What is v(o)?
-9
Let g(l) = 4685*l**3 + 11*l - 14*l**2 - 32 - 2350*l**3 - 2337*l**3. What is g(-8)?
8
Let a be 2/(1 + 1)*5. Let i(b) = 7*b**2 + b + 2. Let u be i(0). Let s(n) = 3*n**u + 3*n**2 + 256*n - n**3 - 2 + 0*n**2 - 260*n. Determine s(a).
3
Let x(j) = -79 - 84 - 3*j + 244 - 82 - 9*j**2 + 7*j. Calculate x(0).
-1
Suppose 5*k - 140 - 160 = -275. Let w(h) = -2*h. Let p(l) be the second derivative of l**3/2 - l**2/2 - l. Let s(v) = k*w(v) + 3*p(v). What is s(-9)?
6
Let v = -1 - -5. Let n(h) = -5*h**3 + h**2 + 2*h - 15. Let g(x) = 14*x**3 - 3*x + 49. Let d(l) = g(l) + 3*n(l). Calculate d(v).
0
Suppose 7 = i + n - 1, -2*n + 24 = 4*i. Suppose -2*a + i = -j - 0*a, -2*j = -2*a + 4. Let c(d) = 3*d - 41 + d**2 - 2*d + 13 + d**3 + 0*d**3. Give c(j).
-28
Suppose 20*w = 18 + 42. Suppose -w = 2*b + 3*s, -b + 30 = 4*b - 5*s. Let l(r) = r**2 - 2*r + 3. Give l(b).
6
Let z(f) be the third derivative of f**6/72 + f**5/60 - f**4/12 - 191*f**3/6 + 39*f**2 - 4*f. Let v(u) be the first derivative of z(u). Give v(-2).
14
Let x(y) = -2*y - 3. Suppose 6*s + 5*c - 35 = 0, -17 = -5*s - 2*c - 3. Determine x(s).
-3
Let l(w) = 7*w - 65. Let y(t) = 2*t - 8. Let s(x) = l(x) - 6*y(x). Calculate s(-11).
38
Let l(f) = 77*f - 8. Let m(w) = 39*w - 2. Let t(i) = l(i) - 2*m(i). Determine t(-16).
12
Suppose -3*m + 9 = -6. Let i be (6/2 - 2) + m - 1. Let j(z) = 3*z - 1 - i*z + 4 + 3. Determine j(5).
-4
Let o = 200 + -198. Let q(u) = 43*u - 47*u + 2*u**o - 2*u**2 - u**2. Let m = -7 - -1. What is q(m)?
-12
Let b(d) = -15*d + 126. Let u(p) = 7*p - 53. Let i(k) = 3*b(k) + 7*u(k). What is i(5)?
27
Let n(p) be the second derivative of -p**4/12 - 13*p**3/6 - 11*p**2/2 - p. Let u = -50 - -37. Give n(u).
-11
Let i(s) = 52*s - 130 - 14*s - 18*s - 12*s. Determine i(16).
-2
Let l(p) = 59*p - 102*p + 16 + 64*p. Let w be l(-1). Let f(r) = -2*r - 7. What is f(w)?
3
Let g(q) = 2*q**2 - 2. Let m be g(2). Let u = -512 - -531. Let k(y) = -9 + u - 16 + 2*y. Determine k(m).
6
Let o(n) = -6*n + 26. Let p be o(9). Let t = p - -30. Suppose -4*f + 2 = -0*h - h, -5*h + t*f = 10. Let k(m) = -m**3 - 3*m**2 - 4*m - 3. Calculate k(h).
1
Let j(d) = -542*d - 535. Let h be j(-1). Let o(i) = 2*i - 2. Let v(a) = -2*a + 1. Let s(t) = -6*o(t) - 5*v(t). What is s(h)?
-7
Let i(g) be the second derivative of g**3/6 - 2*g**2 + 395*g. Let k(r) = 2*r - 12. Let t be k(7). Give i(t).
-2
Let k(p) = -1 + 4*p**2 + 17 - 7*p + 5*p**3 - 7 - 24*p**2. Let z(u) = 6*u**3 - 22*u**2 - 7*u + 10. Let b(n) = -7*k(n) + 6*z(n). What is b(-7)?
-3
Let x(m) = -19*m**2 - 284*m + 18. Let d be x(-15). Let y(o) = o**3 + o - 2. Calculate y(d).
28
Let k(r) = -r**2 - 7*r - 1. Suppose -17*t - 8*t + 125 = 0. Suppose 2*b + t*c = 3*b + 7, -7 = b - 3*c. Determine k(b).
-1
Let q(y) = 10 + 34 + 35 + 12*y + 0*y - 13. What is q(-6)?
-6
Let k(j) be the second derivative of j**4/6 - 4*j**3/3 + 5*j**2 - 1672*j. Determine k(4).
10
Let l(v) = 14*v + 145. Let n be (10/(-30))/(1 - 261/270). Determine l(n).
5
Let v be ((-39)/(-169))/((-6)/78). Let d(b) = 2*b**3 + 5*b**2 + b - 5. Calculate d(v).
-17
Let z(j) = -9*j**2 - 3*j - 2. Let n(c) = -2*c**2 - 44*c + 41. Let k be n(-23). Let w(q) = q**3 + 3*q**2 - 3*q + 34. Let l be w(k). What is z(l)?
-8
Let m(z) be the third derivative of -2*z**2 + 1/60*z**5 + 0*z + 7/24*z**4 + 2/3*z**3 + 0. Let r = -769 - -763. Give m(r).
-2
Suppose -168 + 619 = -41*m. Let q(h) = -4*h + 11. Let u(w) = 24*w - 56. Let f(v) = m*q(v) - 2*u(v). Give f(-4).
7
Suppose 0 = -4*w + 4*n - 4, 2 = -5*w - 2*n - 3. Let u(d) be the second derivative of -1/3*d**3 - 3/2*d**4 + 0 - 11